 and 5268?
12
Calculate the highest common divisor of 5964585 and 165.
165
Calculate the highest common divisor of 95 and 3083710.
5
What is the highest common factor of 244146 and 64029?
21
What is the greatest common factor of 18 and 53818155?
9
What is the highest common divisor of 616 and 1024170?
14
Calculate the greatest common divisor of 5 and 63170735.
5
What is the highest common factor of 2156208 and 9984?
48
Calculate the highest common factor of 30149784 and 7172.
652
What is the greatest common factor of 135 and 23685?
15
What is the greatest common factor of 8 and 3252516?
4
Calculate the greatest common divisor of 87963 and 91233.
327
What is the greatest common factor of 105 and 2229819?
3
Calculate the highest common divisor of 1491 and 959448.
21
Calculate the greatest common divisor of 9274 and 330.
2
Calculate the highest common divisor of 300 and 486444.
12
What is the highest common divisor of 30630040 and 280?
280
Calculate the greatest common factor of 9871847 and 201.
67
Calculate the greatest common factor of 124332 and 15418.
26
What is the highest common divisor of 498603 and 399?
21
What is the highest common divisor of 1320 and 72753945?
165
What is the greatest common factor of 2261 and 878237?
323
Calculate the greatest common factor of 275590 and 38218110.
8890
Calculate the greatest common divisor of 27464 and 188437370.
6866
What is the greatest common divisor of 12112 and 7192?
8
What is the highest common factor of 1118530 and 53824?
1682
Calculate the highest common divisor of 552285727 and 7.
7
Calculate the greatest common factor of 331157 and 820.
41
Calculate the highest common divisor of 168507738 and 189.
63
What is the highest common divisor of 65726 and 199406?
1114
What is the highest common factor of 1058 and 1575454?
46
Calculate the highest common factor of 12864 and 4131488.
2144
Calculate the greatest common factor of 3010 and 3579492.
602
What is the greatest common divisor of 7980 and 3661680?
1140
Calculate the greatest common factor of 3184727 and 1890707.
7189
Calculate the greatest common divisor of 135000 and 71000.
1000
Calculate the greatest common factor of 1814784 and 726.
6
What is the highest common factor of 18803606 and 542?
542
Calculate the greatest common divisor of 32507968 and 960.
64
What is the greatest common divisor of 7430 and 58390?
10
What is the highest common divisor of 543 and 3612579?
543
What is the highest common factor of 3913 and 3389647?
43
Calculate the highest common factor of 278349 and 496.
31
What is the highest common factor of 22904536 and 496?
248
Calculate the greatest common factor of 688 and 310192.
16
Calculate the greatest common divisor of 21504 and 13298880.
1344
Calculate the greatest common factor of 3876 and 554136.
12
What is the greatest common factor of 8100 and 131060700?
2700
What is the greatest common divisor of 5838505 and 40?
5
Calculate the highest common factor of 44 and 1524600088.
44
What is the greatest common factor of 233987 and 7322081?
5707
Calculate the greatest common divisor of 1258323 and 106029.
561
Calculate the greatest common divisor of 858 and 1040286.
78
Calculate the greatest common divisor of 1019712 and 13108.
452
What is the greatest common divisor of 202671640 and 120?
40
What is the greatest common factor of 154114 and 16?
2
What is the highest common factor of 155460510 and 90?
90
Calculate the greatest common divisor of 40505 and 34495.
5
Calculate the highest common divisor of 27344 and 1189712.
16
What is the greatest common factor of 124129641 and 21128?
2641
Calculate the highest common divisor of 183020528 and 11532.
3844
Calculate the highest common factor of 3856 and 3498356.
964
What is the highest common factor of 3703136 and 217?
31
Calculate the greatest common divisor of 23129 and 636620.
229
Calculate the greatest common divisor of 60 and 15585090.
30
What is the highest common divisor of 190 and 376497350?
190
What is the highest common factor of 10 and 61017490?
10
What is the highest common factor of 13434566 and 16832?
526
What is the highest common factor of 233465 and 11925?
265
What is the highest common factor of 64757 and 2154845?
2233
What is the highest common divisor of 65939699 and 4893?
1631
What is the greatest common factor of 17568660 and 134016?
4188
What is the greatest common factor of 29052 and 12951?
9
Calculate the greatest common factor of 1115 and 817395.
5
Calculate the highest common divisor of 416398 and 398157.
629
Calculate the greatest common divisor of 20821707 and 10728.
1341
Calculate the greatest common factor of 75802147 and 521219.
14087
Calculate the greatest common factor of 7775 and 319325.
25
Calculate the highest common factor of 324 and 1571319.
81
Calculate the greatest common divisor of 256 and 439196288.
128
What is the greatest common divisor of 354 and 385335726?
354
Calculate the highest common factor of 2294 and 316882.
62
What is the greatest common divisor of 2109722 and 22420?
2242
What is the greatest common divisor of 18891694 and 9076?
4538
What is the greatest common factor of 8078625 and 8016?
501
What is the greatest common factor of 81046833 and 147?
147
What is the greatest common divisor of 8352 and 182109792?
2784
What is the highest common factor of 12658114 and 1147967?
10159
What is the highest common divisor of 3432 and 3412448?
104
What is the greatest common factor of 89975845 and 5630?
2815
What is the highest common divisor of 231243646 and 466?
466
Calculate the greatest common factor of 74951 and 503198.
311
Calculate the greatest common factor of 375984 and 1224559.
2611
Calculate the highest common divisor of 77580 and 1238694.
2586
What is the highest common divisor of 1 and 24384458?
1
What is the greatest common factor of 62 and 7439969?
31
What is the highest common divisor of 88346152 and 284?
284
What is the highest common divisor of 114695 and 819105?
1015
What is the greatest common divisor of 167 and 3421766039?
167
Calculate the highest common factor of 936 and 1925208.
72
Calculate the highest common factor of 22091346 and 4671.
27
What is the greatest common divisor of 20382981 and 27?
3
What is the highest common factor of 1640360 and 144?
8
What is the highest common factor of 2208 and 2330406?
138
What is the greatest common factor of 154677 and 2444?
47
What is the greatest common divisor of 6290091 and 9?
9
Calculate the highest common divisor of 4024 and 6692918.
1006
Calculate the greatest common factor of 137208302 and 12.
2
What is the greatest common factor of 64223021 and 5529?
1843
Calculate the greatest common factor of 736 and 17900808.
184
Calculate the greatest common factor of 5577 and 1690689.
429
Calculate the highest common factor of 2171529 and 341379.
747
What is the greatest common factor of 381959 and 148103?
29
What is the greatest common divisor of 5732896 and 65?
13
What is the greatest common factor of 2232604 and 242?
22
What is the highest common divisor of 50 and 22434?
2
What is the greatest common factor of 1614 and 31680668?
538
Calculate the highest common divisor of 901452 and 59340.
516
What is the highest common factor of 1136280 and 130895?
2785
What is the highest common factor of 2276406 and 2574?
198
What is the greatest common divisor of 8161085 and 2947?
421
Calculate the highest common divisor of 2409806 and 8254186.
8006
What is the greatest common divisor of 99627735 and 1275?
255
What is the highest common factor of 610 and 3082818?
122
Calculate the highest common factor of 955518 and 20874.
426
What is the highest common divisor of 178115220 and 18630?
6210
What is the highest common factor of 148 and 2648867?
37
Calculate the highest common factor of 1284153 and 459.
3
Calculate the highest common divisor of 137473 and 158998.
287
What is the highest common factor of 35733 and 163707?
831
Calculate the highest common divisor of 88 and 37175408.
8
What is the highest common factor of 480048 and 1660312?
584
Calculate the highest common factor of 79568810 and 808.
202
Calculate the highest common factor of 18794956 and 387.
43
What is the highest common divisor of 17411368 and 251?
251
What is the highest common divisor of 40330958 and 399?
19
Calculate